{"id":2103828,"date":"2026-02-01T19:58:42","date_gmt":"2026-02-01T18:58:42","guid":{"rendered":"https:\/\/europeannewsroom.com\/enr-new-phase\/"},"modified":"2026-08-11T11:39:24","modified_gmt":"2026-08-11T09:39:24","slug":"the-enr-is-evolving","status":"publish","type":"page","link":"https:\/\/europeannewsroom.com\/fr\/the-enr-is-evolving\/","title":{"rendered":"The enr is evolving"},"content":{"rendered":"<p>[et_pb_section fb_built=\u00a0\u00bb1&Prime; custom_padding_last_edited=\u00a0\u00bbon|phone\u00a0\u00bb _builder_version=\u00a0\u00bb4.20.4&Prime; _module_preset=\u00a0\u00bbdefault\u00a0\u00bb background_color=\u00a0\u00bb#022a59&Prime; custom_padding_tablet=\u00a0\u00bb\u00a0\u00bb custom_padding_phone=\u00a0\u00bb0px||0px||false|false\u00a0\u00bb locked=\u00a0\u00bboff\u00a0\u00bb global_colors_info=\u00a0\u00bb{}\u00a0\u00bb][et_pb_row _builder_version=\u00a0\u00bb4.16&Prime; _module_preset=\u00a0\u00bbdefault\u00a0\u00bb global_colors_info=\u00a0\u00bb{}\u00a0\u00bb][et_pb_column type=\u00a0\u00bb4_4&Prime; _builder_version=\u00a0\u00bb4.16&Prime; _module_preset=\u00a0\u00bbdefault\u00a0\u00bb global_colors_info=\u00a0\u00bb{}\u00a0\u00bb][et_pb_text _builder_version=\u00a0\u00bb4.27.6&Prime; _module_preset=\u00a0\u00bbdefault\u00a0\u00bb header_font=\u00a0\u00bb|700|||||||\u00a0\u00bb header_text_color=\u00a0\u00bb#FFFFFF\u00a0\u00bb global_colors_info=\u00a0\u00bb{}\u00a0\u00bb]<\/p>\n<h1>L\u2019enr \u00e9volue \u2014 restez \u00e0 l\u2019\u00e9coute de la suite.<\/h1>\n<p>[\/et_pb_text][\/et_pb_column][\/et_pb_row][\/et_pb_section][et_pb_section fb_built=\u00a0\u00bb1&Prime; _builder_version=\u00a0\u00bb4.20.4&Prime; _module_preset=\u00a0\u00bbdefault\u00a0\u00bb custom_padding=\u00a0\u00bb||0px||false|false\u00a0\u00bb locked=\u00a0\u00bboff\u00a0\u00bb global_colors_info=\u00a0\u00bb{}\u00a0\u00bb][et_pb_row _builder_version=\u00a0\u00bb4.20.4&Prime; _module_preset=\u00a0\u00bbdefault\u00a0\u00bb custom_padding=\u00a0\u00bb||||false|false\u00a0\u00bb global_colors_info=\u00a0\u00bb{}\u00a0\u00bb][et_pb_column type=\u00a0\u00bb4_4&Prime; _builder_version=\u00a0\u00bb4.20.4&Prime; _module_preset=\u00a0\u00bbdefault\u00a0\u00bb global_colors_info=\u00a0\u00bb{}\u00a0\u00bb][et_pb_text _builder_version=\u00a0\u00bb4.27.7&Prime; _module_preset=\u00a0\u00bbdefault\u00a0\u00bb custom_padding=\u00a0\u00bb2px||0px|||\u00a0\u00bb hover_enabled=\u00a0\u00bb0&Prime; global_colors_info=\u00a0\u00bb{}\u00a0\u00bb sticky_enabled=\u00a0\u00bb0&Prime;]L\u2019European Newsroom (enr) \u00e9volue. Apr\u00e8s quatre ann\u00e9es fructueuses en tant que projet financ\u00e9 par l\u2019UE, nous avons transform\u00e9 l\u2019enr en une organisation ind\u00e9pendante et durable. Ancr\u00e9e \u00e0 Bruxelles, b\u00e2tie sur la collaboration et ouverte \u00e0 de nouveaux partenaires.<\/p>\n<p>Au c\u0153ur de la nouvelle enr se trouve la collaboration : les organisations de presse acc\u00e8dent \u00e0 une infrastructure europ\u00e9enne d\u2019information partag\u00e9e \u2013 des interviews conjointes exclusives avec des d\u00e9cideurs de premier plan aux contenus audiovisuels, en passant par des formations \u00e9ditoriales et un accompagnement \u00e0 la demande \u00e0 Bruxelles. Nous mettons \u00e9galement en place des partenariats m\u00e9diatiques commerciaux avec des acteurs de l\u2019UE.<\/p>\n<p>L\u2019enr est une collaboration entre pairs. Par-del\u00e0 les fronti\u00e8res, les langues et les cultures de r\u00e9daction.<\/p>\n<p>Vous souhaitez en savoir plus ou rejoindre l\u2019enr ? Contactez-nous:<br \/>\n<a target=\"_blank\" url=\"mailto:enr@dpa.com\" data-sk=\"tooltip_parent\" aria-haspopup=\"menu\" href=\"mailto:info@europeannewsroom.com\" rel=\"noopener noreferrer\">info@europeannewsroom.com<\/a>.<\/p>\n<p>&nbsp;[\/et_pb_text][\/et_pb_column][\/et_pb_row][\/et_pb_section]<\/p>\n","protected":false},"excerpt":{"rendered":"<p>L\u2019enr \u00e9volue \u2014 restez \u00e0 l\u2019\u00e9coute de la suite.L\u2019European Newsroom (enr) \u00e9volue. Apr\u00e8s quatre ann\u00e9es fructueuses en tant que projet financ\u00e9 par l\u2019UE, nous avons transform\u00e9 l\u2019enr en une organisation ind\u00e9pendante et durable. Ancr\u00e9e \u00e0 Bruxelles, b\u00e2tie sur la collaboration et ouverte \u00e0 de nouveaux partenaires. Au c\u0153ur de la nouvelle enr se trouve la [&hellip;]<\/p>\n","protected":false},"author":1,"featured_media":0,"parent":0,"menu_order":0,"comment_status":"closed","ping_status":"closed","template":"","meta":{"_acf_changed":false,"_et_pb_use_builder":"on","_et_pb_old_content":"","_et_gb_content_width":"","footnotes":""},"class_list":["post-2103828","page","type-page","status-publish","hentry"],"acf":[],"_links":{"self":[{"href":"https:\/\/europeannewsroom.com\/fr\/wp-json\/wp\/v2\/pages\/2103828","targetHints":{"allow":["GET"]}}],"collection":[{"href":"https:\/\/europeannewsroom.com\/fr\/wp-json\/wp\/v2\/pages"}],"about":[{"href":"https:\/\/europeannewsroom.com\/fr\/wp-json\/wp\/v2\/types\/page"}],"author":[{"embeddable":true,"href":"https:\/\/europeannewsroom.com\/fr\/wp-json\/wp\/v2\/users\/1"}],"replies":[{"embeddable":true,"href":"https:\/\/europeannewsroom.com\/fr\/wp-json\/wp\/v2\/comments?post=2103828"}],"version-history":[{"count":3,"href":"https:\/\/europeannewsroom.com\/fr\/wp-json\/wp\/v2\/pages\/2103828\/revisions"}],"predecessor-version":[{"id":2105514,"href":"https:\/\/europeannewsroom.com\/fr\/wp-json\/wp\/v2\/pages\/2103828\/revisions\/2105514"}],"wp:attachment":[{"href":"https:\/\/europeannewsroom.com\/fr\/wp-json\/wp\/v2\/media?parent=2103828"}],"curies":[{"name":"wp","href":"https:\/\/api.w.org\/{rel}","templated":true}]}}

<p>[et_pb_section fb_built= »1&Prime; custom_padding_last_edited= »on|phone » _builder_version= »4.20.4&Prime; _module_preset= »default » background_color= »#022a59&Prime; custom_padding_tablet= » » custom_padding_phone= »0px||0px||false|false » locked= »off » global_colors_info= »{} »][et_pb_row _builder_version= »4.16&Prime; _module_preset= »default » global_colors_info= »{} »][et_pb_column type= »4_4&Prime; _builder_version= »4.16&Prime; _module_preset= »default » global_colors_info= »{} »][et_pb_text _builder_version= »4.27.6&Prime; _module_preset= »default » header_font= »|700||||||| » header_text_color= »#FFFFFF » global_colors_info= »{} »]</p>
<h1>L’enr évolue — restez à l’écoute de la suite.</h1>
<p>[/et_pb_text][/et_pb_column][/et_pb_row][/et_pb_section][et_pb_section fb_built= »1&Prime; _builder_version= »4.20.4&Prime; _module_preset= »default » custom_padding= »||0px||false|false » locked= »off » global_colors_info= »{} »][et_pb_row _builder_version= »4.20.4&Prime; _module_preset= »default » custom_padding= »||||false|false » global_colors_info= »{} »][et_pb_column type= »4_4&Prime; _builder_version= »4.20.4&Prime; _module_preset= »default » global_colors_info= »{} »][et_pb_text _builder_version= »4.27.7&Prime; _module_preset= »default » custom_padding= »2px||0px||| » hover_enabled= »0&Prime; global_colors_info= »{} » sticky_enabled= »0&Prime;]L’European Newsroom (enr) évolue. Après quatre années fructueuses en tant que projet financé par l’UE, nous avons transformé l’enr en une organisation indépendante et durable. Ancrée à Bruxelles, bâtie sur la collaboration et ouverte à de nouveaux partenaires.</p>
<p>Au cœur de la nouvelle enr se trouve la collaboration : les organisations de presse accèdent à une infrastructure européenne d’information partagée – des interviews conjointes exclusives avec des décideurs de premier plan aux contenus audiovisuels, en passant par des formations éditoriales et un accompagnement à la demande à Bruxelles. Nous mettons également en place des partenariats médiatiques commerciaux avec des acteurs de l’UE.</p>
<p>L’enr est une collaboration entre pairs. Par-delà les frontières, les langues et les cultures de rédaction.</p>
<p>Vous souhaitez en savoir plus ou rejoindre l’enr ? Contactez-nous:<br />
<a target="_blank" url="mailto:enr@dpa.com" data-sk="tooltip_parent" aria-haspopup="menu" href="mailto:info@europeannewsroom.com" rel="noopener noreferrer">info@europeannewsroom.com</a>.</p>
<p>&nbsp;[/et_pb_text][/et_pb_column][/et_pb_row][/et_pb_section]</p>

<p>L’enr évolue — restez à l’écoute de la suite.L’European Newsroom (enr) évolue. Après quatre années fructueuses en tant que projet financé par l’UE, nous avons transformé l’enr en une organisation indépendante et durable. Ancrée à Bruxelles, bâtie sur la collaboration et ouverte à de nouveaux partenaires. Au cœur de la nouvelle enr se trouve la [&hellip;]</p>
